{"id":78,"date":"2024-03-22T07:53:28","date_gmt":"2024-03-22T06:53:28","guid":{"rendered":"https:\/\/provinciales.dev-atolldesign.com\/?page_id=78"},"modified":"2024-09-14T10:32:19","modified_gmt":"2024-09-14T08:32:19","slug":"yannick-accueil","status":"publish","type":"page","link":"https:\/\/provinciales.dev-atolldesign.com\/index.php\/yannick-accueil\/","title":{"rendered":"Yannick Accueil"},"content":{"rendered":"\t\t<div data-elementor-type=\"wp-page\" data-elementor-id=\"78\" class=\"elementor elementor-78\" data-elementor-post-type=\"page\">\n\t\t\t\t<div class=\"premium-parallax-section-hide elementor-element elementor-element-60d11d95 e-con-full premium-parallax-yes e-flex elementor-invisible e-con e-parent\" data-pa-parallax=\"{&quot;type&quot;:&quot;scroll&quot;,&quot;speed&quot;:0.2,&quot;android&quot;:1,&quot;ios&quot;:1,&quot;size&quot;:&quot;cover&quot;,&quot;repeat&quot;:&quot;&quot;}\" data-id=\"60d11d95\" data-element_type=\"container\" id=\"visions\" data-settings=\"{&quot;background_background&quot;:&quot;classic&quot;,&quot;animation&quot;:&quot;fadeIn&quot;}\">\n\t\t<div class=\"elementor-element elementor-element-137268d e-flex e-con-boxed elementor-invisible e-con e-child\" data-id=\"137268d\" data-element_type=\"container\" data-settings=\"{&quot;animation&quot;:&quot;zoomIn&quot;}\">\n\t\t\t\t\t<div class=\"e-con-inner\">\n\t\t<div class=\"elementor-element elementor-element-97035ed e-flex e-con-boxed e-con e-child\" data-id=\"97035ed\" data-element_type=\"container\" data-settings=\"{&quot;background_background&quot;:&quot;gradient&quot;}\">\n\t\t\t\t\t<div class=\"e-con-inner\">\n\t\t\t\t<div class=\"elementor-element elementor-element-6077f5a elementor-invisible elementor-widget elementor-widget-text-editor\" data-id=\"6077f5a\" data-element_type=\"widget\" data-settings=\"{&quot;_animation&quot;:&quot;slideInUp&quot;}\" data-widget_type=\"text-editor.default\">\n\t\t\t\t<div class=\"elementor-widget-container\">\n\t\t\t\t\t\t\t<p><span style=\"font-size: 30px; color: var( --e-global-color-fba1a0b ); background-color: transparent;\">Maisons individuelles<\/span><\/p><p><span style=\"font-size: 30px; color: var( --e-global-color-fba1a0b ); background-color: transparent;\">\u25a0<\/span><\/p><p><span style=\"font-size: 30px; color: var( --e-global-color-fba1a0b ); background-color: transparent;\">&nbsp;Locaux professionnels<\/span><\/p>\t\t\t\t\t\t<\/div>\n\t\t\t\t<\/div>\n\t\t\t\t<div class=\"elementor-element elementor-element-25e6f61 elementor-widget elementor-widget-text-editor\" data-id=\"25e6f61\" data-element_type=\"widget\" data-widget_type=\"text-editor.default\">\n\t\t\t\t<div class=\"elementor-widget-container\">\n\t\t\t\t\t\t\t<p><b style=\"font-size: 37px; color: var( --e-global-color-fba1a0b ); background-color: transparent;\">POUR QUE VOTRE VISION DEVIENNE R\u00c9ALIT\u00c9 !<\/b><\/p>\t\t\t\t\t\t<\/div>\n\t\t\t\t<\/div>\n\t\t\t\t\t<\/div>\n\t\t\t\t<\/div>\n\t\t\t\t\t<\/div>\n\t\t\t\t<\/div>\n\t\t\t\t<\/div>\n\t\t<div class=\"premium-parallax-section-hide elementor-element elementor-element-6e751ef e-con-full premium-parallax-yes e-flex e-con e-parent\" data-pa-parallax=\"{&quot;type&quot;:&quot;scroll&quot;,&quot;speed&quot;:0.2,&quot;android&quot;:1,&quot;ios&quot;:1,&quot;size&quot;:null,&quot;repeat&quot;:null}\" data-id=\"6e751ef\" data-element_type=\"container\" id=\"provinciales\" data-settings=\"{&quot;background_background&quot;:&quot;slideshow&quot;,&quot;background_slideshow_gallery&quot;:[],&quot;background_slideshow_slide_duration&quot;:5000,&quot;background_slideshow_slide_transition&quot;:&quot;fade&quot;,&quot;background_slideshow_transition_duration&quot;:500}\">\n\t\t<div class=\"elementor-element elementor-element-e9f09e3 e-flex e-con-boxed e-con e-child\" data-id=\"e9f09e3\" data-element_type=\"container\" data-settings=\"{&quot;motion_fx_motion_fx_scrolling&quot;:&quot;yes&quot;,&quot;motion_fx_translateY_effect&quot;:&quot;yes&quot;,&quot;motion_fx_translateY_direction&quot;:&quot;negative&quot;,&quot;motion_fx_translateY_speed&quot;:{&quot;unit&quot;:&quot;px&quot;,&quot;size&quot;:4.2,&quot;sizes&quot;:[]},&quot;motion_fx_translateY_affectedRange&quot;:{&quot;unit&quot;:&quot;%&quot;,&quot;size&quot;:&quot;&quot;,&quot;sizes&quot;:{&quot;start&quot;:0,&quot;end&quot;:50}},&quot;motion_fx_range&quot;:&quot;viewport&quot;,&quot;motion_fx_opacity_effect&quot;:&quot;yes&quot;,&quot;motion_fx_opacity_range&quot;:{&quot;unit&quot;:&quot;%&quot;,&quot;size&quot;:&quot;&quot;,&quot;sizes&quot;:{&quot;start&quot;:0,&quot;end&quot;:50}},&quot;motion_fx_opacity_direction&quot;:&quot;out-in&quot;,&quot;motion_fx_opacity_level&quot;:{&quot;unit&quot;:&quot;px&quot;,&quot;size&quot;:10,&quot;sizes&quot;:[]},&quot;motion_fx_devices&quot;:[&quot;desktop&quot;,&quot;tablet&quot;,&quot;mobile&quot;]}\">\n\t\t\t\t\t<div class=\"e-con-inner\">\n\t\t<div class=\"elementor-element elementor-element-f4a5ad7 e-flex e-con-boxed e-con e-child\" data-id=\"f4a5ad7\" data-element_type=\"container\">\n\t\t\t\t\t<div class=\"e-con-inner\">\n\t\t<div class=\"elementor-element elementor-element-ddeb0ab e-flex e-con-boxed e-con e-child\" data-id=\"ddeb0ab\" data-element_type=\"container\">\n\t\t\t\t\t<div class=\"e-con-inner\">\n\t\t<div class=\"elementor-element elementor-element-da108eb e-flex e-con-boxed e-con e-child\" data-id=\"da108eb\" data-element_type=\"container\">\n\t\t\t\t\t<div class=\"e-con-inner\">\n\t\t\t\t<div class=\"elementor-element elementor-element-06e2cf7 elementor-widget elementor-widget-text-editor\" data-id=\"06e2cf7\" data-element_type=\"widget\" data-widget_type=\"text-editor.default\">\n\t\t\t\t<div class=\"elementor-widget-container\">\n\t\t\t\t\t\t\t<p>Projet personnalis\u00e9<\/p>\t\t\t\t\t\t<\/div>\n\t\t\t\t<\/div>\n\t\t\t\t<div class=\"elementor-element elementor-element-e494436 elementor-widget elementor-widget-image\" data-id=\"e494436\" data-element_type=\"widget\" data-widget_type=\"image.default\">\n\t\t\t\t<div class=\"elementor-widget-container\">\n\t\t\t\t\t\t\t\t\t\t\t\t\t<img fetchpriority=\"high\" decoding=\"async\" width=\"1024\" height=\"219\" src=\"https:\/\/provinciales.dev-atolldesign.com\/wp-content\/uploads\/2024\/03\/provinciales-logo-jpeg-1920w-removebg-preview-1024x219.png\" class=\"attachment-large size-large wp-image-237\" alt=\"\" srcset=\"https:\/\/provinciales.dev-atolldesign.com\/wp-content\/uploads\/2024\/03\/provinciales-logo-jpeg-1920w-removebg-preview-1024x219.png 1024w, https:\/\/provinciales.dev-atolldesign.com\/wp-content\/uploads\/2024\/03\/provinciales-logo-jpeg-1920w-removebg-preview-300x64.png 300w, https:\/\/provinciales.dev-atolldesign.com\/wp-content\/uploads\/2024\/03\/provinciales-logo-jpeg-1920w-removebg-preview-768x164.png 768w, https:\/\/provinciales.dev-atolldesign.com\/wp-content\/uploads\/2024\/03\/provinciales-logo-jpeg-1920w-removebg-preview.png 1079w\" sizes=\"(max-width: 1024px) 100vw, 1024px\" \/>\t\t\t\t\t\t\t\t\t\t\t\t\t<\/div>\n\t\t\t\t<\/div>\n\t\t\t\t<div class=\"elementor-element elementor-element-8873c5b elementor-widget elementor-widget-text-editor\" data-id=\"8873c5b\" data-element_type=\"widget\" data-widget_type=\"text-editor.default\">\n\t\t\t\t<div class=\"elementor-widget-container\">\n\t\t\t\t\t\t\t<p>Garantie de livraison<\/p>\t\t\t\t\t\t<\/div>\n\t\t\t\t<\/div>\n\t\t\t\t\t<\/div>\n\t\t\t\t<\/div>\n\t\t\t\t\t<\/div>\n\t\t\t\t<\/div>\n\t\t<div class=\"elementor-element elementor-element-7583dc7 e-flex e-con-boxed e-con e-child\" data-id=\"7583dc7\" data-element_type=\"container\" data-settings=\"{&quot;background_background&quot;:&quot;classic&quot;}\">\n\t\t\t\t\t<div class=\"e-con-inner\">\n\t\t<div class=\"elementor-element elementor-element-4012d34 e-flex e-con-boxed e-con e-child\" data-id=\"4012d34\" data-element_type=\"container\">\n\t\t\t\t\t<div class=\"e-con-inner\">\n\t\t\t\t\t<\/div>\n\t\t\t\t<\/div>\n\t\t\t\t\t<\/div>\n\t\t\t\t<\/div>\n\t\t\t\t\t<\/div>\n\t\t\t\t<\/div>\n\t\t\t\t\t<\/div>\n\t\t\t\t<\/div>\n\t\t\t\t<\/div>\n\t\t<div class=\"premium-parallax-section-hide elementor-element elementor-element-6401340 e-con-full premium-parallax-yes e-flex e-con e-parent\" data-pa-parallax=\"{&quot;type&quot;:&quot;scroll&quot;,&quot;speed&quot;:0.2,&quot;android&quot;:1,&quot;ios&quot;:1,&quot;size&quot;:&quot;cover&quot;,&quot;repeat&quot;:&quot;&quot;}\" data-id=\"6401340\" data-element_type=\"container\" id=\"styles\" data-settings=\"{&quot;background_background&quot;:&quot;classic&quot;}\">\n\t\t<div class=\"elementor-element elementor-element-ba74bb5 e-flex e-con-boxed elementor-invisible e-con e-child\" data-id=\"ba74bb5\" data-element_type=\"container\" data-settings=\"{&quot;animation&quot;:&quot;zoomIn&quot;}\">\n\t\t\t\t\t<div class=\"e-con-inner\">\n\t\t<div class=\"elementor-element elementor-element-22185df e-flex e-con-boxed e-con e-child\" data-id=\"22185df\" data-element_type=\"container\" data-settings=\"{&quot;background_background&quot;:&quot;gradient&quot;}\">\n\t\t\t\t\t<div class=\"e-con-inner\">\n\t\t\t\t<div class=\"elementor-element elementor-element-26223ab elementor-invisible elementor-widget elementor-widget-text-editor\" data-id=\"26223ab\" data-element_type=\"widget\" data-settings=\"{&quot;_animation&quot;:&quot;slideInUp&quot;}\" data-widget_type=\"text-editor.default\">\n\t\t\t\t<div class=\"elementor-widget-container\">\n\t\t\t\t\t\t\t<p>Maisons de plain-pied \u25a0 Maisons avec \u00e9tage<\/p><p>Maisons avec sous sol \u25a0 Sans garage \u25a0 avec garage int\u00e9gr\u00e9<\/p>\t\t\t\t\t\t<\/div>\n\t\t\t\t<\/div>\n\t\t\t\t<div class=\"elementor-element elementor-element-9331d22 elementor-invisible elementor-widget elementor-widget-text-editor\" data-id=\"9331d22\" data-element_type=\"widget\" data-settings=\"{&quot;_animation&quot;:&quot;slideInUp&quot;}\" data-widget_type=\"text-editor.default\">\n\t\t\t\t<div class=\"elementor-widget-container\">\n\t\t\t\t\t\t\t<p><b style=\"font-size: 30px; color: var( --e-global-color-fba1a0b ); background-color: transparent;\">TOUT STYLES DE MAISONS : MODERNES, CONTEMPORAINES&#8230;<\/b><\/p>\t\t\t\t\t\t<\/div>\n\t\t\t\t<\/div>\n\t\t\t\t\t<\/div>\n\t\t\t\t<\/div>\n\t\t\t\t\t<\/div>\n\t\t\t\t<\/div>\n\t\t\t\t<\/div>\n\t\t<div class=\"premium-parallax-section-hide elementor-element elementor-element-0b8496f e-con-full premium-parallax-yes e-flex e-con e-parent\" data-pa-parallax=\"{&quot;type&quot;:&quot;scroll&quot;,&quot;speed&quot;:0.2,&quot;android&quot;:1,&quot;ios&quot;:1,&quot;size&quot;:null,&quot;repeat&quot;:null}\" data-id=\"0b8496f\" data-element_type=\"container\" id=\"apropos\" data-settings=\"{&quot;background_background&quot;:&quot;classic&quot;}\">\n\t\t<div class=\"elementor-element elementor-element-39aca76 e-flex e-con-boxed e-con e-child\" data-id=\"39aca76\" data-element_type=\"container\">\n\t\t\t\t\t<div class=\"e-con-inner\">\n\t\t<div class=\"elementor-element elementor-element-ab1c733 e-flex e-con-boxed e-con e-child\" data-id=\"ab1c733\" data-element_type=\"container\">\n\t\t\t\t\t<div class=\"e-con-inner\">\n\t\t<div class=\"elementor-element elementor-element-ecb17d0 e-con-full e-flex e-con e-child\" data-id=\"ecb17d0\" data-element_type=\"container\">\n\t\t\t\t<\/div>\n\t\t<div class=\"elementor-element elementor-element-4827088 e-flex e-con-boxed e-con e-child\" data-id=\"4827088\" data-element_type=\"container\" data-settings=\"{&quot;background_background&quot;:&quot;gradient&quot;}\">\n\t\t\t\t\t<div class=\"e-con-inner\">\n\t\t\t\t<div class=\"elementor-element elementor-element-d499576 elementor-widget elementor-widget-text-editor\" data-id=\"d499576\" data-element_type=\"widget\" data-widget_type=\"text-editor.default\">\n\t\t\t\t<div class=\"elementor-widget-container\">\n\t\t\t\t\t\t\t<p>LES PROVINCIALES<br \/>LE CHOIX DE LA R\u00c9USSITE<\/p>\t\t\t\t\t\t<\/div>\n\t\t\t\t<\/div>\n\t\t\t\t<div class=\"elementor-element elementor-element-209a25a elementor-widget elementor-widget-text-editor\" data-id=\"209a25a\" data-element_type=\"widget\" data-widget_type=\"text-editor.default\">\n\t\t\t\t<div class=\"elementor-widget-container\">\n\t\t\t\t\t\t\t<p>Chez Les Provinciales, depuis 1981, nous donnons vie aux maisons de vos r\u00eaves en alliant passion, pr\u00e9cision, et respect de votre budget. Sp\u00e9cialis\u00e9s dans la construction de maisons individuelles, nous vous accompagnons \u00e0 chaque \u00e9tape, garantissant une exp\u00e9rience personnalis\u00e9e et sereine. D\u00e9couvrez comment, ensemble, nous pouvons transformer vos aspirations en une r\u00e9alit\u00e9 tangible, en construisant non seulement une maison, mais un foyer qui refl\u00e8te v\u00e9ritablement qui vous \u00eates.<\/p><p>Bienvenue dans votre futur chez vous, fa\u00e7onn\u00e9 par Les Provinciales.<\/p>\t\t\t\t\t\t<\/div>\n\t\t\t\t<\/div>\n\t\t\t\t<div class=\"elementor-element elementor-element-3e32750 elementor-widget elementor-widget-button\" data-id=\"3e32750\" data-element_type=\"widget\" data-widget_type=\"button.default\">\n\t\t\t\t<div class=\"elementor-widget-container\">\n\t\t\t\t\t<div class=\"elementor-button-wrapper\">\n\t\t\t<a class=\"elementor-button elementor-button-link elementor-size-sm\" href=\"#\">\n\t\t\t\t\t\t<span class=\"elementor-button-content-wrapper\">\n\t\t\t\t\t\t\t\t\t<span class=\"elementor-button-text\">Notre histoire<\/span>\n\t\t\t\t\t<\/span>\n\t\t\t\t\t<\/a>\n\t\t<\/div>\n\t\t\t\t<\/div>\n\t\t\t\t<\/div>\n\t\t\t\t\t<\/div>\n\t\t\t\t<\/div>\n\t\t\t\t\t<\/div>\n\t\t\t\t<\/div>\n\t\t\t\t\t<\/div>\n\t\t\t\t<\/div>\n\t\t\t\t<\/div>\n\t\t<div class=\"premium-parallax-section-hide elementor-element elementor-element-3d510e4 e-con-full premium-parallax-yes e-flex e-con e-parent\" data-pa-parallax=\"{&quot;type&quot;:&quot;scroll&quot;,&quot;speed&quot;:0.2,&quot;android&quot;:1,&quot;ios&quot;:1,&quot;size&quot;:null,&quot;repeat&quot;:null}\" data-id=\"3d510e4\" data-element_type=\"container\" id=\"contact\" data-settings=\"{&quot;background_background&quot;:&quot;video&quot;,&quot;background_video_link&quot;:&quot;https:\\\/\\\/res.cloudinary.com\\\/dbdstnm5d\\\/video\\\/upload\\\/v1711231394\\\/provincialesfeuxdecheminee_aitdpj.mp4&quot;,&quot;background_play_on_mobile&quot;:&quot;yes&quot;}\">\n\t\t<div class=\"elementor-background-video-container\">\n\t\t\t\t\t\t\t<video class=\"elementor-background-video-hosted elementor-html5-video\" autoplay muted playsinline loop><\/video>\n\t\t\t\t\t<\/div><div class=\"elementor-element elementor-element-644cea8 e-flex e-con-boxed elementor-invisible e-con e-child\" data-id=\"644cea8\" data-element_type=\"container\" data-settings=\"{&quot;animation&quot;:&quot;zoomIn&quot;}\">\n\t\t\t\t\t<div class=\"e-con-inner\">\n\t\t<div class=\"elementor-element elementor-element-16cd1e9 e-flex e-con-boxed e-con e-child\" data-id=\"16cd1e9\" data-element_type=\"container\" data-settings=\"{&quot;background_background&quot;:&quot;classic&quot;}\">\n\t\t\t\t\t<div class=\"e-con-inner\">\n\t\t\t\t<div class=\"elementor-element elementor-element-8f72fff elementor-invisible elementor-widget elementor-widget-text-editor\" data-id=\"8f72fff\" data-element_type=\"widget\" data-settings=\"{&quot;_animation&quot;:&quot;slideInUp&quot;}\" data-widget_type=\"text-editor.default\">\n\t\t\t\t<div class=\"elementor-widget-container\">\n\t\t\t\t\t\t\t<p>Ouvrez la porte des possibles !<\/p>\t\t\t\t\t\t<\/div>\n\t\t\t\t<\/div>\n\t\t\t\t<div class=\"elementor-element elementor-element-92daf01 elementor-invisible elementor-widget elementor-widget-text-editor\" data-id=\"92daf01\" data-element_type=\"widget\" data-settings=\"{&quot;_animation&quot;:&quot;slideInUp&quot;}\" data-widget_type=\"text-editor.default\">\n\t\t\t\t<div class=\"elementor-widget-container\">\n\t\t\t\t\t\t\t<p><b style=\"font-size: 30px; color: var( --e-global-color-fba1a0b ); background-color: transparent;\">CONTACTEZ NOUS<\/b><\/p>\t\t\t\t\t\t<\/div>\n\t\t\t\t<\/div>\n\t\t\t\t<div class=\"elementor-element elementor-element-84400b0 elementor-align-center elementor-widget elementor-widget-button\" data-id=\"84400b0\" data-element_type=\"widget\" data-widget_type=\"button.default\">\n\t\t\t\t<div class=\"elementor-widget-container\">\n\t\t\t\t\t<div class=\"elementor-button-wrapper\">\n\t\t\t<a class=\"elementor-button elementor-button-link elementor-size-sm\" href=\"#\">\n\t\t\t\t\t\t<span class=\"elementor-button-content-wrapper\">\n\t\t\t\t\t\t\t\t\t<span class=\"elementor-button-text\">Ok<\/span>\n\t\t\t\t\t<\/span>\n\t\t\t\t\t<\/a>\n\t\t<\/div>\n\t\t\t\t<\/div>\n\t\t\t\t<\/div>\n\t\t\t\t\t<\/div>\n\t\t\t\t<\/div>\n\t\t\t\t\t<\/div>\n\t\t\t\t<\/div>\n\t\t\t\t<\/div>\n\t\t<div class=\"elementor-element elementor-element-0a1893f e-con-full e-flex e-con e-parent\" data-id=\"0a1893f\" data-element_type=\"container\" id=\"realisations\" data-settings=\"{&quot;background_background&quot;:&quot;gradient&quot;}\">\n\t\t<div class=\"elementor-element elementor-element-087740a e-flex e-con-boxed e-con e-child\" data-id=\"087740a\" data-element_type=\"container\">\n\t\t\t\t\t<div class=\"e-con-inner\">\n\t\t<div class=\"elementor-element elementor-element-c4aa17b e-flex e-con-boxed e-con e-child\" data-id=\"c4aa17b\" data-element_type=\"container\" data-settings=\"{&quot;background_background&quot;:&quot;gradient&quot;}\">\n\t\t\t\t\t<div class=\"e-con-inner\">\n\t\t\t\t<div class=\"elementor-element elementor-element-cd4cd8d elementor-invisible elementor-widget elementor-widget-text-editor\" data-id=\"cd4cd8d\" data-element_type=\"widget\" data-settings=\"{&quot;_animation&quot;:&quot;slideInUp&quot;}\" data-widget_type=\"text-editor.default\">\n\t\t\t\t<div class=\"elementor-widget-container\">\n\t\t\t\t\t\t\t<p><b style=\"font-size: 30px; color: var( --e-global-color-fba1a0b ); background-color: transparent;\">NOS R\u00c9ALISATIONS<\/b><\/p>\t\t\t\t\t\t<\/div>\n\t\t\t\t<\/div>\n\t\t\t\t<div class=\"elementor-element elementor-element-ca04895 elementor-widget elementor-widget-image-carousel\" data-id=\"ca04895\" data-element_type=\"widget\" data-settings=\"{&quot;navigation&quot;:&quot;none&quot;,&quot;infinite&quot;:&quot;yes&quot;,&quot;speed&quot;:500,&quot;image_spacing_custom&quot;:{&quot;unit&quot;:&quot;px&quot;,&quot;size&quot;:20,&quot;sizes&quot;:[]},&quot;image_spacing_custom_tablet&quot;:{&quot;unit&quot;:&quot;px&quot;,&quot;size&quot;:&quot;&quot;,&quot;sizes&quot;:[]},&quot;image_spacing_custom_mobile&quot;:{&quot;unit&quot;:&quot;px&quot;,&quot;size&quot;:&quot;&quot;,&quot;sizes&quot;:[]}}\" data-widget_type=\"image-carousel.default\">\n\t\t\t\t<div class=\"elementor-widget-container\">\n\t\t\t\t\t<div class=\"elementor-image-carousel-wrapper swiper\" dir=\"ltr\">\n\t\t\t<div class=\"elementor-image-carousel swiper-wrapper swiper-image-stretch\" aria-live=\"polite\">\n\t\t\t\t\t\t\t\t<div class=\"swiper-slide\" role=\"group\" aria-roledescription=\"slide\" aria-label=\"1 sur 3\"><a data-elementor-open-lightbox=\"yes\" data-elementor-lightbox-slideshow=\"ca04895\" data-elementor-lightbox-title=\"FOURNES1+test-1920w\" data-e-action-hash=\"#elementor-action%3Aaction%3Dlightbox%26settings%3DeyJpZCI6ODQ5LCJ1cmwiOiJodHRwczpcL1wvcHJvdmluY2lhbGVzLmRldi1hdG9sbGRlc2lnbi5jb21cL3dwLWNvbnRlbnRcL3VwbG9hZHNcLzIwMjRcLzAzXC9GT1VSTkVTMXRlc3QtMTkyMHcuanBnIiwic2xpZGVzaG93IjoiY2EwNDg5NSJ9\" href=\"https:\/\/provinciales.dev-atolldesign.com\/wp-content\/uploads\/2024\/03\/FOURNES1test-1920w.jpg\"><figure class=\"swiper-slide-inner\"><img decoding=\"async\" class=\"swiper-slide-image\" src=\"https:\/\/provinciales.dev-atolldesign.com\/wp-content\/uploads\/2024\/03\/FOURNES1test-1920w.jpg\" alt=\"FOURNES1+test-1920w\" \/><\/figure><\/a><\/div><div class=\"swiper-slide\" role=\"group\" aria-roledescription=\"slide\" aria-label=\"2 sur 3\"><a data-elementor-open-lightbox=\"yes\" data-elementor-lightbox-slideshow=\"ca04895\" data-elementor-lightbox-title=\"DE+RUMIGNY1+test-6e58a0a3-1920w\" data-e-action-hash=\"#elementor-action%3Aaction%3Dlightbox%26settings%3DeyJpZCI6ODQ4LCJ1cmwiOiJodHRwczpcL1wvcHJvdmluY2lhbGVzLmRldi1hdG9sbGRlc2lnbi5jb21cL3dwLWNvbnRlbnRcL3VwbG9hZHNcLzIwMjRcLzAzXC9ERVJVTUlHTlkxdGVzdC02ZTU4YTBhMy0xOTIwdy5qcGciLCJzbGlkZXNob3ciOiJjYTA0ODk1In0%3D\" href=\"https:\/\/provinciales.dev-atolldesign.com\/wp-content\/uploads\/2024\/03\/DERUMIGNY1test-6e58a0a3-1920w.jpg\"><figure class=\"swiper-slide-inner\"><img decoding=\"async\" class=\"swiper-slide-image\" src=\"https:\/\/provinciales.dev-atolldesign.com\/wp-content\/uploads\/2024\/03\/DERUMIGNY1test-6e58a0a3-1920w-1024x768.jpg\" alt=\"DE+RUMIGNY1+test-6e58a0a3-1920w\" \/><\/figure><\/a><\/div><div class=\"swiper-slide\" role=\"group\" aria-roledescription=\"slide\" aria-label=\"3 sur 3\"><a data-elementor-open-lightbox=\"yes\" data-elementor-lightbox-slideshow=\"ca04895\" data-elementor-lightbox-title=\"BASSET4+test-1920w\" data-e-action-hash=\"#elementor-action%3Aaction%3Dlightbox%26settings%3DeyJpZCI6ODQ2LCJ1cmwiOiJodHRwczpcL1wvcHJvdmluY2lhbGVzLmRldi1hdG9sbGRlc2lnbi5jb21cL3dwLWNvbnRlbnRcL3VwbG9hZHNcLzIwMjRcLzAzXC9CQVNTRVQ0dGVzdC0xOTIwdy5qcGciLCJzbGlkZXNob3ciOiJjYTA0ODk1In0%3D\" href=\"https:\/\/provinciales.dev-atolldesign.com\/wp-content\/uploads\/2024\/03\/BASSET4test-1920w.jpg\"><figure class=\"swiper-slide-inner\"><img decoding=\"async\" class=\"swiper-slide-image\" src=\"https:\/\/provinciales.dev-atolldesign.com\/wp-content\/uploads\/2024\/03\/BASSET4test-1920w-1024x768.jpg\" alt=\"BASSET4+test-1920w\" \/><\/figure><\/a><\/div>\t\t\t<\/div>\n\t\t\t\t\t\t\t\n\t\t\t\t\t\t\t\t\t<\/div>\n\t\t\t\t<\/div>\n\t\t\t\t<\/div>\n\t\t\t\t<div class=\"elementor-element elementor-element-1fcc089 elementor-align-center elementor-widget elementor-widget-button\" data-id=\"1fcc089\" data-element_type=\"widget\" data-widget_type=\"button.default\">\n\t\t\t\t<div class=\"elementor-widget-container\">\n\t\t\t\t\t<div class=\"elementor-button-wrapper\">\n\t\t\t<a class=\"elementor-button elementor-button-link elementor-size-sm\" href=\"https:\/\/provinciales.dev-atolldesign.com\/index.php\/yannick-galerie-2\/\">\n\t\t\t\t\t\t<span class=\"elementor-button-content-wrapper\">\n\t\t\t\t\t\t\t\t\t<span class=\"elementor-button-text\">Parcourir<\/span>\n\t\t\t\t\t<\/span>\n\t\t\t\t\t<\/a>\n\t\t<\/div>\n\t\t\t\t<\/div>\n\t\t\t\t<\/div>\n\t\t\t\t<div class=\"elementor-element elementor-element-edf9be2 premium-vscroll-nav-dots-yes elementor-widget elementor-widget-premium-vscroll\" data-id=\"edf9be2\" data-element_type=\"widget\" data-widget_type=\"premium-vscroll.default\">\n\t\t\t\t<div class=\"elementor-widget-container\">\n\t\t\t\r\n\t\t<div class=\"premium-vscroll-wrap\" id=\"premium-vscroll-wrap-edf9be2\" data-settings=\"{&quot;id&quot;:&quot;edf9be2&quot;,&quot;speed&quot;:700,&quot;offset&quot;:0,&quot;tooltips&quot;:false,&quot;dotsText&quot;:[&quot;&quot;],&quot;dotsPos&quot;:&quot;right&quot;,&quot;dotsVPos&quot;:&quot;middle&quot;,&quot;fullSection&quot;:false,&quot;fullTouch&quot;:false,&quot;fullCheckOverflow&quot;:false,&quot;addToHistory&quot;:true,&quot;animation&quot;:&quot;&quot;,&quot;duration&quot;:null}\">\r\n\t\t\t\t\t\t<div class=\"premium-vscroll-inner\" id=\"premium-vscroll-edf9be2\">\r\n\t\t\t\t<div class=\"premium-vscroll-dots premium-vscroll-dots-hide right middle circ\">\r\n\t\t\t\t\t<ul class=\"premium-vscroll-dots-list\">\r\n\t\t\t\t\t\t\t\t\t\t\t\t\t<li data-index=\"0\" data-menuanchor=\"visions\" class=\"premium-vscroll-dot-item\">\r\n\t\t\t\t\t\t\t\t<div class=\"premium-vscroll-nav-link\"><span><\/span><\/div>\r\n\t\t\t\t\t\t\t<\/li>\r\n\t\t\t\t\t\t\t\t\t\t\t\t\t<li data-index=\"1\" data-menuanchor=\"provinciales\" class=\"premium-vscroll-dot-item\">\r\n\t\t\t\t\t\t\t\t<div class=\"premium-vscroll-nav-link\"><span><\/span><\/div>\r\n\t\t\t\t\t\t\t<\/li>\r\n\t\t\t\t\t\t\t\t\t\t\t\t\t<li data-index=\"2\" data-menuanchor=\"styles\" class=\"premium-vscroll-dot-item\">\r\n\t\t\t\t\t\t\t\t<div class=\"premium-vscroll-nav-link\"><span><\/span><\/div>\r\n\t\t\t\t\t\t\t<\/li>\r\n\t\t\t\t\t\t\t\t\t\t\t\t\t<li data-index=\"3\" data-menuanchor=\"apropos\" class=\"premium-vscroll-dot-item\">\r\n\t\t\t\t\t\t\t\t<div class=\"premium-vscroll-nav-link\"><span><\/span><\/div>\r\n\t\t\t\t\t\t\t<\/li>\r\n\t\t\t\t\t\t\t\t\t\t\t\t\t<li data-index=\"4\" data-menuanchor=\"contact\" class=\"premium-vscroll-dot-item\">\r\n\t\t\t\t\t\t\t\t<div class=\"premium-vscroll-nav-link\"><span><\/span><\/div>\r\n\t\t\t\t\t\t\t<\/li>\r\n\t\t\t\t\t\t\t\t\t\t\t\t\t<li data-index=\"5\" data-menuanchor=\"realisations\" class=\"premium-vscroll-dot-item\">\r\n\t\t\t\t\t\t\t\t<div class=\"premium-vscroll-nav-link\"><span><\/span><\/div>\r\n\t\t\t\t\t\t\t<\/li>\r\n\t\t\t\t\t\t\t\t\t\t\t<\/ul>\r\n\t\t\t\t<\/div>\r\n\t\t\t\t\t\t\t<\/div>\r\n\t\t<\/div>\r\n\r\n\t\t\t\t<\/div>\n\t\t\t\t<\/div>\n\t\t\t\t\t<\/div>\n\t\t\t\t<\/div>\n\t\t\t\t\t<\/div>\n\t\t\t\t<\/div>\n\t\t\t\t<\/div>\n\t\t\t\t<\/div>\n\t\t","protected":false},"excerpt":{"rendered":"<p>Maisons individuelles \u25a0 &nbsp;Locaux professionnels POUR QUE VOTRE VISION DEVIENNE R\u00c9ALIT\u00c9 ! Projet personnalis\u00e9 Garantie de livraison Maisons de plain-pied \u25a0 Maisons avec \u00e9tage Maisons avec sous sol \u25a0 Sans garage \u25a0 avec garage int\u00e9gr\u00e9 TOUT STYLES DE MAISONS : MODERNES, CONTEMPORAINES&#8230; LES PROVINCIALESLE CHOIX DE LA R\u00c9USSITE Chez Les Provinciales, depuis 1981, nous donnons [&hellip;]<\/p>\n","protected":false},"author":1,"featured_media":0,"parent":0,"menu_order":0,"comment_status":"closed","ping_status":"closed","template":"elementor_header_footer","meta":{"inline_featured_image":false,"footnotes":""},"folder":[8],"class_list":["post-78","page","type-page","status-publish","hentry","entry"],"_links":{"self":[{"href":"https:\/\/provinciales.dev-atolldesign.com\/index.php\/wp-json\/wp\/v2\/pages\/78"}],"collection":[{"href":"https:\/\/provinciales.dev-atolldesign.com\/index.php\/wp-json\/wp\/v2\/pages"}],"about":[{"href":"https:\/\/provinciales.dev-atolldesign.com\/index.php\/wp-json\/wp\/v2\/types\/page"}],"author":[{"embeddable":true,"href":"https:\/\/provinciales.dev-atolldesign.com\/index.php\/wp-json\/wp\/v2\/users\/1"}],"replies":[{"embeddable":true,"href":"https:\/\/provinciales.dev-atolldesign.com\/index.php\/wp-json\/wp\/v2\/comments?post=78"}],"version-history":[{"count":394,"href":"https:\/\/provinciales.dev-atolldesign.com\/index.php\/wp-json\/wp\/v2\/pages\/78\/revisions"}],"predecessor-version":[{"id":1374,"href":"https:\/\/provinciales.dev-atolldesign.com\/index.php\/wp-json\/wp\/v2\/pages\/78\/revisions\/1374"}],"wp:attachment":[{"href":"https:\/\/provinciales.dev-atolldesign.com\/index.php\/wp-json\/wp\/v2\/media?parent=78"}],"wp:term":[{"taxonomy":"folder","embeddable":true,"href":"https:\/\/provinciales.dev-atolldesign.com\/index.php\/wp-json\/wp\/v2\/folder?post=78"}],"curies":[{"name":"wp","href":"https:\/\/api.w.org\/{rel}","templated":true}]}}