{"id":1014,"date":"2024-03-25T09:43:21","date_gmt":"2024-03-25T08:43:21","guid":{"rendered":"https:\/\/provinciales.dev-atolldesign.com\/?page_id=1014"},"modified":"2024-09-14T18:39:28","modified_gmt":"2024-09-14T16:39:28","slug":"les-provinciales-demos-et-devis","status":"publish","type":"page","link":"https:\/\/provinciales.dev-atolldesign.com\/","title":{"rendered":"Les Provinciales &#8211; D\u00e9mos &#038; Devis"},"content":{"rendered":"\t\t<div data-elementor-type=\"wp-page\" data-elementor-id=\"1014\" class=\"elementor elementor-1014\" data-elementor-post-type=\"page\">\n\t\t\t\t<div class=\"elementor-element elementor-element-8531b6b e-con-full e-flex e-con e-parent\" data-id=\"8531b6b\" data-element_type=\"container\">\n\t\t\t\t<div class=\"elementor-element elementor-element-f577014 elementor-icon-list--layout-inline elementor-list-item-link-full_width elementor-widget elementor-widget-icon-list\" data-id=\"f577014\" data-element_type=\"widget\" data-widget_type=\"icon-list.default\">\n\t\t\t\t<div class=\"elementor-widget-container\">\n\t\t\t\t\t<ul class=\"elementor-icon-list-items elementor-inline-items\">\n\t\t\t\t\t\t\t<li class=\"elementor-icon-list-item elementor-inline-item\">\n\t\t\t\t\t\t\t\t\t\t\t<a href=\"https:\/\/provinciales.dev-atolldesign.com\">\n\n\t\t\t\t\t\t\t\t\t\t\t<span class=\"elementor-icon-list-text\">Accueil<\/span>\n\t\t\t\t\t\t\t\t\t\t\t<\/a>\n\t\t\t\t\t\t\t\t\t<\/li>\n\t\t\t\t\t\t\t\t<li class=\"elementor-icon-list-item elementor-inline-item\">\n\t\t\t\t\t\t\t\t\t\t\t<a href=\"https:\/\/provinciales.dev-atolldesign.com\/index.php\/yannick-accueil\/\">\n\n\t\t\t\t\t\t\t\t\t\t\t<span class=\"elementor-icon-list-text\">Maquette les provinciales<\/span>\n\t\t\t\t\t\t\t\t\t\t\t<\/a>\n\t\t\t\t\t\t\t\t\t<\/li>\n\t\t\t\t\t\t<\/ul>\n\t\t\t\t<\/div>\n\t\t\t\t<\/div>\n\t\t\t\t<div class=\"elementor-element elementor-element-815e41b elementor-widget elementor-widget-button\" data-id=\"815e41b\" data-element_type=\"widget\" data-widget_type=\"button.default\">\n\t\t\t\t<div class=\"elementor-widget-container\">\n\t\t\t\t\t<div class=\"elementor-button-wrapper\">\n\t\t\t<a class=\"elementor-button elementor-button-link elementor-size-sm\" href=\"https:\/\/provinciales.dev-atolldesign.com\/wp-content\/uploads\/2024\/09\/DEV000153.pdf\" target=\"_blank\" rel=\"nofollow\" download=\"devis-lesprovinciales.pdf\">\n\t\t\t\t\t\t<span class=\"elementor-button-content-wrapper\">\n\t\t\t\t\t\t<span class=\"elementor-button-icon\">\n\t\t\t\t<svg aria-hidden=\"true\" class=\"e-font-icon-svg e-fas-file-download\" viewBox=\"0 0 384 512\" xmlns=\"http:\/\/www.w3.org\/2000\/svg\"><path d=\"M224 136V0H24C10.7 0 0 10.7 0 24v464c0 13.3 10.7 24 24 24h336c13.3 0 24-10.7 24-24V160H248c-13.2 0-24-10.8-24-24zm76.45 211.36l-96.42 95.7c-6.65 6.61-17.39 6.61-24.04 0l-96.42-95.7C73.42 337.29 80.54 320 94.82 320H160v-80c0-8.84 7.16-16 16-16h32c8.84 0 16 7.16 16 16v80h65.18c14.28 0 21.4 17.29 11.27 27.36zM377 105L279.1 7c-4.5-4.5-10.6-7-17-7H256v128h128v-6.1c0-6.3-2.5-12.4-7-16.9z\"><\/path><\/svg>\t\t\t<\/span>\n\t\t\t\t\t\t\t\t\t<span class=\"elementor-button-text\">T\u00e9l\u00e9charger le nouveau devis du 13-09-2024<\/span>\n\t\t\t\t\t<\/span>\n\t\t\t\t\t<\/a>\n\t\t<\/div>\n\t\t\t\t<\/div>\n\t\t\t\t<\/div>\n\t\t\t\t<\/div>\n\t\t<div class=\"elementor-element elementor-element-cf94abb e-con-full e-flex e-con e-parent\" data-id=\"cf94abb\" data-element_type=\"container\">\n\t\t<div class=\"elementor-element elementor-element-e637ce4 e-flex e-con-boxed e-con e-child\" data-id=\"e637ce4\" data-element_type=\"container\">\n\t\t\t\t\t<div class=\"e-con-inner\">\n\t\t<div class=\"elementor-element elementor-element-9564438 e-flex e-con-boxed e-con e-child\" data-id=\"9564438\" data-element_type=\"container\">\n\t\t\t\t\t<div class=\"e-con-inner\">\n\t\t<div class=\"elementor-element elementor-element-665303d e-con-full e-flex e-con e-child\" data-id=\"665303d\" data-element_type=\"container\">\n\t\t\t\t<div class=\"elementor-element elementor-element-7ce583e elementor-widget-mobile__width-initial elementor-widget elementor-widget-heading\" data-id=\"7ce583e\" data-element_type=\"widget\" data-widget_type=\"heading.default\">\n\t\t\t\t<div class=\"elementor-widget-container\">\n\t\t\t<h2 class=\"elementor-heading-title elementor-size-default\">Nouvelle proposition ajust\u00e9e suite \u00e0 R\u00c9UNION<\/h2>\t\t<\/div>\n\t\t\t\t<\/div>\n\t\t\t\t<div class=\"elementor-element elementor-element-9a4ef81 elementor-widget elementor-widget-text-editor\" data-id=\"9a4ef81\" data-element_type=\"widget\" data-widget_type=\"text-editor.default\">\n\t\t\t\t<div class=\"elementor-widget-container\">\n\t\t\t\t\t\t\t<p>Monsieur,<\/p>\n<p>Nous \u00e9tions initialement partis sur un d\u00e9veloppement avec notre propre logiciel, que nous perfectionnons depuis 23 ans. Ce logiciel permet des d\u00e9veloppements sur mesure, comme la gestion commerciale, la relation client, les relations partenaires ou l&rsquo;automatisation des t\u00e2ches administratives, et est id\u00e9al pour des projets \u00e9volutifs \u00e0 long terme.<\/p>\n<p>Cependant, apr\u00e8s avoir pris en compte que votre besoin actuel concerne uniquement un site vitrine, nous avons ajust\u00e9 notre offre \u00e0 2900\u20ac ht, remise commerciale comprise, en optant pour WordPress, une solution plus l\u00e9g\u00e8re et \u00e9prouv\u00e9e, parfaitement adapt\u00e9e \u00e0 ce type de projet. Cela nous permet de vous offrir une prestation de qualit\u00e9 tout en respectant votre budget. De plus, nous avons optimis\u00e9 l&rsquo;affichage responsive, et je vous invite \u00e0 consulter la maquette sur votre mobile.<\/p>\n<p>Nous esp\u00e9rons que cette nouvelle proposition correspondra \u00e0 vos attentes et restons \u00e0 votre disposition pour toute question.<\/p>\n<p>Dans l&rsquo;attente de votre retour, nous vous prions d&rsquo;agr\u00e9er, Monsieur, nos salutations distingu\u00e9es.<\/p>\t\t\t\t\t\t<\/div>\n\t\t\t\t<\/div>\n\t\t\t\t<\/div>\n\t\t<div class=\"elementor-element elementor-element-4cbf1d4 e-flex e-con-boxed e-con e-child\" data-id=\"4cbf1d4\" data-element_type=\"container\" id=\"pieces-jointes\">\n\t\t\t\t\t<div class=\"e-con-inner\">\n\t\t\t\t<div class=\"elementor-element elementor-element-bda1a50 elementor-widget elementor-widget-heading\" data-id=\"bda1a50\" data-element_type=\"widget\" data-widget_type=\"heading.default\">\n\t\t\t\t<div class=\"elementor-widget-container\">\n\t\t\t<h2 class=\"elementor-heading-title elementor-size-default\">pi\u00e8ces jointes<\/h2>\t\t<\/div>\n\t\t\t\t<\/div>\n\t\t\t\t<div class=\"elementor-element elementor-element-8fe6a5b elementor-widget elementor-widget-button\" data-id=\"8fe6a5b\" data-element_type=\"widget\" data-widget_type=\"button.default\">\n\t\t\t\t<div class=\"elementor-widget-container\">\n\t\t\t\t\t<div class=\"elementor-button-wrapper\">\n\t\t\t<a class=\"elementor-button elementor-button-link elementor-size-sm\" href=\"https:\/\/provinciales.dev-atolldesign.com\/wp-content\/uploads\/2024\/09\/DEV000153.pdf\" target=\"_blank\" rel=\"nofollow\" download=\"devis-lesprovinciales.pdf\">\n\t\t\t\t\t\t<span class=\"elementor-button-content-wrapper\">\n\t\t\t\t\t\t<span class=\"elementor-button-icon\">\n\t\t\t\t<svg aria-hidden=\"true\" class=\"e-font-icon-svg e-fas-file-download\" viewBox=\"0 0 384 512\" xmlns=\"http:\/\/www.w3.org\/2000\/svg\"><path d=\"M224 136V0H24C10.7 0 0 10.7 0 24v464c0 13.3 10.7 24 24 24h336c13.3 0 24-10.7 24-24V160H248c-13.2 0-24-10.8-24-24zm76.45 211.36l-96.42 95.7c-6.65 6.61-17.39 6.61-24.04 0l-96.42-95.7C73.42 337.29 80.54 320 94.82 320H160v-80c0-8.84 7.16-16 16-16h32c8.84 0 16 7.16 16 16v80h65.18c14.28 0 21.4 17.29 11.27 27.36zM377 105L279.1 7c-4.5-4.5-10.6-7-17-7H256v128h128v-6.1c0-6.3-2.5-12.4-7-16.9z\"><\/path><\/svg>\t\t\t<\/span>\n\t\t\t\t\t\t\t\t\t<span class=\"elementor-button-text\">T\u00e9l\u00e9charger le nouveau devis du 13-09-2024<\/span>\n\t\t\t\t\t<\/span>\n\t\t\t\t\t<\/a>\n\t\t<\/div>\n\t\t\t\t<\/div>\n\t\t\t\t<\/div>\n\t\t\t\t<div class=\"elementor-element elementor-element-60e9b4f elementor-hidden-desktop elementor-hidden-tablet elementor-hidden-mobile elementor-widget elementor-widget-button\" data-id=\"60e9b4f\" data-element_type=\"widget\" data-widget_type=\"button.default\">\n\t\t\t\t<div class=\"elementor-widget-container\">\n\t\t\t\t\t<div class=\"elementor-button-wrapper\">\n\t\t\t<a class=\"elementor-button elementor-button-link elementor-size-sm\" href=\"https:\/\/provinciales.dev-atolldesign.com\/wp-content\/uploads\/2024\/03\/PRESTATIONS-RECOMMANDEES-DEV000101.pdf\" target=\"_blank\" rel=\"nofollow\" download=\"prestations-recommandees.pdf\">\n\t\t\t\t\t\t<span class=\"elementor-button-content-wrapper\">\n\t\t\t\t\t\t<span class=\"elementor-button-icon\">\n\t\t\t\t<svg aria-hidden=\"true\" class=\"e-font-icon-svg e-fas-file-download\" viewBox=\"0 0 384 512\" xmlns=\"http:\/\/www.w3.org\/2000\/svg\"><path d=\"M224 136V0H24C10.7 0 0 10.7 0 24v464c0 13.3 10.7 24 24 24h336c13.3 0 24-10.7 24-24V160H248c-13.2 0-24-10.8-24-24zm76.45 211.36l-96.42 95.7c-6.65 6.61-17.39 6.61-24.04 0l-96.42-95.7C73.42 337.29 80.54 320 94.82 320H160v-80c0-8.84 7.16-16 16-16h32c8.84 0 16 7.16 16 16v80h65.18c14.28 0 21.4 17.29 11.27 27.36zM377 105L279.1 7c-4.5-4.5-10.6-7-17-7H256v128h128v-6.1c0-6.3-2.5-12.4-7-16.9z\"><\/path><\/svg>\t\t\t<\/span>\n\t\t\t\t\t\t\t\t\t<span class=\"elementor-button-text\">T\u00e9l\u00e9charger les prestations recommand\u00e9es<\/span>\n\t\t\t\t\t<\/span>\n\t\t\t\t\t<\/a>\n\t\t<\/div>\n\t\t\t\t<\/div>\n\t\t\t\t<\/div>\n\t\t\t\t<div class=\"elementor-element elementor-element-fa71930 elementor-widget elementor-widget-button\" data-id=\"fa71930\" data-element_type=\"widget\" data-widget_type=\"button.default\">\n\t\t\t\t<div class=\"elementor-widget-container\">\n\t\t\t\t\t<div class=\"elementor-button-wrapper\">\n\t\t\t<a class=\"elementor-button elementor-button-link elementor-size-sm\" href=\"https:\/\/provinciales.dev-atolldesign.com\/wp-content\/uploads\/2024\/03\/Octopus-Les-Provinciales.png\">\n\t\t\t\t\t\t<span class=\"elementor-button-content-wrapper\">\n\t\t\t\t\t\t<span class=\"elementor-button-icon\">\n\t\t\t\t<svg aria-hidden=\"true\" class=\"e-font-icon-svg e-fas-file-download\" viewBox=\"0 0 384 512\" xmlns=\"http:\/\/www.w3.org\/2000\/svg\"><path d=\"M224 136V0H24C10.7 0 0 10.7 0 24v464c0 13.3 10.7 24 24 24h336c13.3 0 24-10.7 24-24V160H248c-13.2 0-24-10.8-24-24zm76.45 211.36l-96.42 95.7c-6.65 6.61-17.39 6.61-24.04 0l-96.42-95.7C73.42 337.29 80.54 320 94.82 320H160v-80c0-8.84 7.16-16 16-16h32c8.84 0 16 7.16 16 16v80h65.18c14.28 0 21.4 17.29 11.27 27.36zM377 105L279.1 7c-4.5-4.5-10.6-7-17-7H256v128h128v-6.1c0-6.3-2.5-12.4-7-16.9z\"><\/path><\/svg>\t\t\t<\/span>\n\t\t\t\t\t\t\t\t\t<span class=\"elementor-button-text\">Arborescence du site<\/span>\n\t\t\t\t\t<\/span>\n\t\t\t\t\t<\/a>\n\t\t<\/div>\n\t\t\t\t<\/div>\n\t\t\t\t<\/div>\n\t\t\t\t\t<\/div>\n\t\t\t\t<\/div>\n\t\t\t\t\t<\/div>\n\t\t\t\t<\/div>\n\t\t\t\t\t<\/div>\n\t\t\t\t<\/div>\n\t\t<div class=\"elementor-element elementor-element-6011c76 e-flex e-con-boxed e-con e-child\" data-id=\"6011c76\" data-element_type=\"container\">\n\t\t\t\t\t<div class=\"e-con-inner\">\n\t\t<div class=\"elementor-element elementor-element-cf7dc67 elementor-hidden-desktop elementor-hidden-tablet elementor-hidden-mobile e-flex e-con-boxed e-con e-child\" data-id=\"cf7dc67\" data-element_type=\"container\">\n\t\t\t\t\t<div class=\"e-con-inner\">\n\t\t\t\t<div class=\"elementor-element elementor-element-f9cf882 elementor-widget elementor-widget-image\" data-id=\"f9cf882\" data-element_type=\"widget\" data-widget_type=\"image.default\">\n\t\t\t\t<div class=\"elementor-widget-container\">\n\t\t\t\t\t\t\t\t\t\t\t\t\t\t<a href=\"https:\/\/provinciales.dev-atolldesign.com\/index.php\/accueil\/\" target=\"_blank\">\n\t\t\t\t\t\t\t<img fetchpriority=\"high\" decoding=\"async\" width=\"1024\" height=\"614\" src=\"https:\/\/provinciales.dev-atolldesign.com\/wp-content\/uploads\/2024\/03\/provinciales-autre-sens-1024x614.webp\" class=\"attachment-large size-large wp-image-1161\" alt=\"\" srcset=\"https:\/\/provinciales.dev-atolldesign.com\/wp-content\/uploads\/2024\/03\/provinciales-autre-sens-1024x614.webp 1024w, https:\/\/provinciales.dev-atolldesign.com\/wp-content\/uploads\/2024\/03\/provinciales-autre-sens-300x180.webp 300w, https:\/\/provinciales.dev-atolldesign.com\/wp-content\/uploads\/2024\/03\/provinciales-autre-sens-768x461.webp 768w, https:\/\/provinciales.dev-atolldesign.com\/wp-content\/uploads\/2024\/03\/provinciales-autre-sens-1536x922.webp 1536w, https:\/\/provinciales.dev-atolldesign.com\/wp-content\/uploads\/2024\/03\/provinciales-autre-sens-2048x1229.webp 2048w\" sizes=\"(max-width: 1024px) 100vw, 1024px\" \/>\t\t\t\t\t\t\t\t<\/a>\n\t\t\t\t\t\t\t\t\t\t\t\t\t<\/div>\n\t\t\t\t<\/div>\n\t\t<div class=\"elementor-element elementor-element-42d124a e-flex e-con-boxed e-con e-child\" data-id=\"42d124a\" data-element_type=\"container\">\n\t\t\t\t\t<div class=\"e-con-inner\">\n\t\t\t\t<div class=\"elementor-element elementor-element-e54ce20 elementor-widget elementor-widget-heading\" data-id=\"e54ce20\" data-element_type=\"widget\" data-widget_type=\"heading.default\">\n\t\t\t\t<div class=\"elementor-widget-container\">\n\t\t\t<h2 class=\"elementor-heading-title elementor-size-default\"><a href=\"https:\/\/provinciales.dev-atolldesign.com\/index.php\/accueil\/\" target=\"_blank\">AXE 1<\/a><\/h2>\t\t<\/div>\n\t\t\t\t<\/div>\n\t\t\t\t<div class=\"elementor-element elementor-element-922bbed elementor-view-default elementor-widget elementor-widget-icon\" data-id=\"922bbed\" data-element_type=\"widget\" data-widget_type=\"icon.default\">\n\t\t\t\t<div class=\"elementor-widget-container\">\n\t\t\t\t\t<div class=\"elementor-icon-wrapper\">\n\t\t\t<a class=\"elementor-icon\" href=\"https:\/\/provinciales.dev-atolldesign.com\/index.php\/accueil\/\" target=\"_blank\">\n\t\t\t<svg aria-hidden=\"true\" class=\"e-font-icon-svg e-fas-eye\" viewBox=\"0 0 576 512\" xmlns=\"http:\/\/www.w3.org\/2000\/svg\"><path d=\"M572.52 241.4C518.29 135.59 410.93 64 288 64S57.68 135.64 3.48 241.41a32.35 32.35 0 0 0 0 29.19C57.71 376.41 165.07 448 288 448s230.32-71.64 284.52-177.41a32.35 32.35 0 0 0 0-29.19zM288 400a144 144 0 1 1 144-144 143.93 143.93 0 0 1-144 144zm0-240a95.31 95.31 0 0 0-25.31 3.79 47.85 47.85 0 0 1-66.9 66.9A95.78 95.78 0 1 0 288 160z\"><\/path><\/svg>\t\t\t<\/a>\n\t\t<\/div>\n\t\t\t\t<\/div>\n\t\t\t\t<\/div>\n\t\t\t\t\t<\/div>\n\t\t\t\t<\/div>\n\t\t\t\t\t<\/div>\n\t\t\t\t<\/div>\n\t\t<div class=\"elementor-element elementor-element-3ceebe3 e-flex e-con-boxed e-con e-child\" data-id=\"3ceebe3\" data-element_type=\"container\">\n\t\t\t\t\t<div class=\"e-con-inner\">\n\t\t\t\t<div class=\"elementor-element elementor-element-e2998d4 elementor-widget elementor-widget-image\" data-id=\"e2998d4\" data-element_type=\"widget\" data-widget_type=\"image.default\">\n\t\t\t\t<div class=\"elementor-widget-container\">\n\t\t\t\t\t\t\t\t\t\t\t\t\t\t<a href=\"https:\/\/provinciales.dev-atolldesign.com\/index.php\/yannick-accueil\/\" target=\"_blank\">\n\t\t\t\t\t\t\t<img decoding=\"async\" width=\"1024\" height=\"682\" src=\"https:\/\/provinciales.dev-atolldesign.com\/wp-content\/uploads\/2024\/09\/web-mockup-1024x682.jpg\" class=\"attachment-large size-large wp-image-1448\" alt=\"\" srcset=\"https:\/\/provinciales.dev-atolldesign.com\/wp-content\/uploads\/2024\/09\/web-mockup-1024x682.jpg 1024w, https:\/\/provinciales.dev-atolldesign.com\/wp-content\/uploads\/2024\/09\/web-mockup-300x200.jpg 300w, https:\/\/provinciales.dev-atolldesign.com\/wp-content\/uploads\/2024\/09\/web-mockup-768x512.jpg 768w, https:\/\/provinciales.dev-atolldesign.com\/wp-content\/uploads\/2024\/09\/web-mockup.jpg 1052w\" sizes=\"(max-width: 1024px) 100vw, 1024px\" \/>\t\t\t\t\t\t\t\t<\/a>\n\t\t\t\t\t\t\t\t\t\t\t\t\t<\/div>\n\t\t\t\t<\/div>\n\t\t<div class=\"elementor-element elementor-element-c019b30 e-flex e-con-boxed e-con e-child\" data-id=\"c019b30\" data-element_type=\"container\">\n\t\t\t\t\t<div class=\"e-con-inner\">\n\t\t\t\t<div class=\"elementor-element elementor-element-7c8f4d8 elementor-widget elementor-widget-heading\" data-id=\"7c8f4d8\" data-element_type=\"widget\" data-widget_type=\"heading.default\">\n\t\t\t\t<div class=\"elementor-widget-container\">\n\t\t\t<h2 class=\"elementor-heading-title elementor-size-default\"><a href=\"https:\/\/provinciales.dev-atolldesign.com\/index.php\/yannick-accueil\/\" target=\"_blank\">MAQUETTE les PROVINCIALES - Version PC et Version mobile<\/a><\/h2>\t\t<\/div>\n\t\t\t\t<\/div>\n\t\t\t\t<div class=\"elementor-element elementor-element-6a5db1a elementor-view-default elementor-widget elementor-widget-icon\" data-id=\"6a5db1a\" data-element_type=\"widget\" data-widget_type=\"icon.default\">\n\t\t\t\t<div class=\"elementor-widget-container\">\n\t\t\t\t\t<div class=\"elementor-icon-wrapper\">\n\t\t\t<a class=\"elementor-icon\" href=\"https:\/\/provinciales.dev-atolldesign.com\/index.php\/yannick-accueil\/\" target=\"_blank\">\n\t\t\t<svg aria-hidden=\"true\" class=\"e-font-icon-svg e-fas-eye\" viewBox=\"0 0 576 512\" xmlns=\"http:\/\/www.w3.org\/2000\/svg\"><path d=\"M572.52 241.4C518.29 135.59 410.93 64 288 64S57.68 135.64 3.48 241.41a32.35 32.35 0 0 0 0 29.19C57.71 376.41 165.07 448 288 448s230.32-71.64 284.52-177.41a32.35 32.35 0 0 0 0-29.19zM288 400a144 144 0 1 1 144-144 143.93 143.93 0 0 1-144 144zm0-240a95.31 95.31 0 0 0-25.31 3.79 47.85 47.85 0 0 1-66.9 66.9A95.78 95.78 0 1 0 288 160z\"><\/path><\/svg>\t\t\t<\/a>\n\t\t<\/div>\n\t\t\t\t<\/div>\n\t\t\t\t<\/div>\n\t\t\t\t\t<\/div>\n\t\t\t\t<\/div>\n\t\t\t\t\t<\/div>\n\t\t\t\t<\/div>\n\t\t\t\t\t<\/div>\n\t\t\t\t<\/div>\n\t\t\t\t<\/div>\n\t\t<div class=\"elementor-element elementor-element-b77031e e-con-full e-flex e-con e-parent\" data-id=\"b77031e\" data-element_type=\"container\" data-settings=\"{&quot;background_background&quot;:&quot;classic&quot;}\">\n\t\t\t\t<div class=\"elementor-element elementor-element-a707d0a elementor-widget elementor-widget-text-editor\" data-id=\"a707d0a\" data-element_type=\"widget\" data-widget_type=\"text-editor.default\">\n\t\t\t\t<div class=\"elementor-widget-container\">\n\t\t\t\t\t\t\tR\u00e9alisation : <a href=\"https:\/\/www.atoll-design.com\/\">Atoll Design\u00ae<\/a>\t\t\t\t\t\t<\/div>\n\t\t\t\t<\/div>\n\t\t\t\t<\/div>\n\t\t\t\t<\/div>\n\t\t","protected":false},"excerpt":{"rendered":"<p>Accueil Maquette les provinciales T\u00e9l\u00e9charger le nouveau devis du 13-09-2024 Nouvelle proposition ajust\u00e9e suite \u00e0 R\u00c9UNION Monsieur, Nous \u00e9tions initialement partis sur un d\u00e9veloppement avec notre propre logiciel, que nous perfectionnons depuis 23 ans. Ce logiciel permet des d\u00e9veloppements sur mesure, comme la gestion commerciale, la relation client, les relations partenaires ou l&rsquo;automatisation des t\u00e2ches [&hellip;]<\/p>\n","protected":false},"author":1,"featured_media":0,"parent":0,"menu_order":0,"comment_status":"closed","ping_status":"closed","template":"elementor_canvas","meta":{"inline_featured_image":false,"footnotes":""},"folder":[],"class_list":["post-1014","page","type-page","status-publish","hentry","entry"],"_links":{"self":[{"href":"https:\/\/provinciales.dev-atolldesign.com\/index.php\/wp-json\/wp\/v2\/pages\/1014"}],"collection":[{"href":"https:\/\/provinciales.dev-atolldesign.com\/index.php\/wp-json\/wp\/v2\/pages"}],"about":[{"href":"https:\/\/provinciales.dev-atolldesign.com\/index.php\/wp-json\/wp\/v2\/types\/page"}],"author":[{"embeddable":true,"href":"https:\/\/provinciales.dev-atolldesign.com\/index.php\/wp-json\/wp\/v2\/users\/1"}],"replies":[{"embeddable":true,"href":"https:\/\/provinciales.dev-atolldesign.com\/index.php\/wp-json\/wp\/v2\/comments?post=1014"}],"version-history":[{"count":219,"href":"https:\/\/provinciales.dev-atolldesign.com\/index.php\/wp-json\/wp\/v2\/pages\/1014\/revisions"}],"predecessor-version":[{"id":1461,"href":"https:\/\/provinciales.dev-atolldesign.com\/index.php\/wp-json\/wp\/v2\/pages\/1014\/revisions\/1461"}],"wp:attachment":[{"href":"https:\/\/provinciales.dev-atolldesign.com\/index.php\/wp-json\/wp\/v2\/media?parent=1014"}],"wp:term":[{"taxonomy":"folder","embeddable":true,"href":"https:\/\/provinciales.dev-atolldesign.com\/index.php\/wp-json\/wp\/v2\/folder?post=1014"}],"curies":[{"name":"wp","href":"https:\/\/api.w.org\/{rel}","templated":true}]}}